{"id":19,"date":"2025-01-21T10:29:18","date_gmt":"2025-01-21T03:29:18","guid":{"rendered":"https:\/\/i9bet122.bet\/?page_id=19"},"modified":"2025-01-21T10:29:18","modified_gmt":"2025-01-21T03:29:18","slug":"i9bet122","status":"publish","type":"page","link":"https:\/\/i9bet122.bet\/","title":{"rendered":"i9bet122: T\u1eb7ng h\u1ed9i vi\u00ean m\u1edbi 150k, \u0110\u0103ng nh\u1eadp kh\u00f4ng b\u1ecb ch\u1eb7n"},"content":{"rendered":"<p><strong>i9bet122<\/strong> l\u00e0 nh\u00e0 c\u00e1i cung c\u1ea5p t\u1ef7 l\u1ec7 b\u00f3ng \u0111\u00e1, casino live v\u00e0 game n\u1ed5 h\u0169 \u0111i\u1ec7n t\u1eed uy t\u00edn nh\u1ea5t th\u1ecb tr\u01b0\u1eddng hi\u1ec7n nay. Th\u01b0\u01a1ng hi\u1ec7u tr\u1ef1c thu\u1ed9c t\u1eadp \u0111o\u00e0n Gi\u1ea3i tr\u00ed i9bet \u0111\u1ebfn t\u1eeb Philippines, th\u1ee7 ph\u1ee7 c\u1ee7a c\u00e1c trang c\u00e1 c\u01b0\u1ee3c tr\u1ef1c tuy\u1ebfn.<\/p>\n<p>\u0110\u0103ng k\u00fd c\u00e1 c\u01b0\u1ee3c ng\u01b0\u1eddi ch\u01a1i s\u1ebd \u0111\u01b0\u1ee3c tham gia v\u00e0o h\u1ec7 th\u1ed1ng tr\u00f2 ch\u01a1i minh b\u1ea1ch c\u1ee7a: JDB, CQ9, JILI, FA Chai, Sbobet, WM casino, Sexy Gaming,&#8230;v\u00e0 r\u1ea5t nhi\u1ec1u c\u00e1c nh\u00e0 cung c\u1ea5p n\u1ed5i ti\u1ebfng kh\u00e1c.<\/p>\n<figure id=\"attachment_6\" aria-describedby=\"caption-attachment-6\" style=\"width: 1910px\" class=\"wp-caption aligncenter\"><img loading=\"lazy\" decoding=\"async\" class=\"wp-image-6 size-full\" src=\"https:\/\/i9bet122.bet\/wp-content\/uploads\/2025\/01\/dang-nhap-i9bet122.webp\" alt=\"Trang ch\u1ee7 i9bet122.com\" width=\"1920\" height=\"400\" srcset=\"https:\/\/i9bet122.bet\/wp-content\/uploads\/2025\/01\/dang-nhap-i9bet122.webp 1920w, https:\/\/i9bet122.bet\/wp-content\/uploads\/2025\/01\/dang-nhap-i9bet122-300x63.webp 300w, https:\/\/i9bet122.bet\/wp-content\/uploads\/2025\/01\/dang-nhap-i9bet122-1024x213.webp 1024w, https:\/\/i9bet122.bet\/wp-content\/uploads\/2025\/01\/dang-nhap-i9bet122-768x160.webp 768w, https:\/\/i9bet122.bet\/wp-content\/uploads\/2025\/01\/dang-nhap-i9bet122-1536x320.webp 1536w, https:\/\/i9bet122.bet\/wp-content\/uploads\/2025\/01\/dang-nhap-i9bet122-192x40.webp 192w, https:\/\/i9bet122.bet\/wp-content\/uploads\/2025\/01\/dang-nhap-i9bet122-154x32.webp 154w, https:\/\/i9bet122.bet\/wp-content\/uploads\/2025\/01\/dang-nhap-i9bet122-336x70.webp 336w, https:\/\/i9bet122.bet\/wp-content\/uploads\/2025\/01\/dang-nhap-i9bet122-384x80.webp 384w, https:\/\/i9bet122.bet\/wp-content\/uploads\/2025\/01\/dang-nhap-i9bet122-648x135.webp 648w\" sizes=\"auto, (max-width: 1920px) 100vw, 1920px\" \/><figcaption id=\"caption-attachment-6\" class=\"wp-caption-text\">X\u00e1c th\u1ef1c trang ch\u1ee7 \u0111\u0103ng nh\u1eadp ch\u00ednh th\u1ee9c<\/figcaption><\/figure>\n<p>C\u00e1c b\u01b0\u1edbc t\u1ea1o t\u00e0i kho\u1ea3n v\u00e0 x\u00e1c minh tr\u01b0\u1edbc khi n\u1ea1p r\u00fat ti\u1ec1n t\u1ea1i i9bet 122:<\/p>\n<ul>\n<li>Nh\u1ea5n v\u00e0o n\u00fat &#8220;\u0110\u0103ng k\u00fd&#8221; t\u1ea1i trang ch\u1ee7.<\/li>\n<li>\u0110i\u1ec1n th\u00f4ng tin m\u1edf t\u00e0i kho\u1ea3n c\u00e1 c\u01b0\u1ee3c. \u0110\u1ea3m b\u1ea3o ch\u00ednh x\u00e1c: H\u1ecd t\u00ean th\u1eadt, S\u1ed1 \u0111i\u1ec7n tho\u1ea1i v\u00e0 S\u1ed1 t\u00e0i kho\u1ea3n ng\u00e2n h\u00e0ng.<\/li>\n<\/ul>\n","protected":false},"excerpt":{"rendered":"<p>i9bet122 l\u00e0 nh\u00e0 c\u00e1i cung c\u1ea5p t\u1ef7 l\u1ec7 b\u00f3ng \u0111\u00e1, casino live v\u00e0 game n\u1ed5 h\u0169 \u0111i\u1ec7n t\u1eed uy t\u00edn nh\u1ea5t th\u1ecb tr\u01b0\u1eddng hi\u1ec7n nay. Th\u01b0\u01a1ng hi\u1ec7u tr\u1ef1c thu\u1ed9c t\u1eadp \u0111o\u00e0n Gi\u1ea3i tr\u00ed i9bet \u0111\u1ebfn t\u1eeb Philippines, th\u1ee7 ph\u1ee7 c\u1ee7a c\u00e1c trang c\u00e1 c\u01b0\u1ee3c tr\u1ef1c tuy\u1ebfn. \u0110\u0103ng k\u00fd c\u00e1 c\u01b0\u1ee3c ng\u01b0\u1eddi ch\u01a1i s\u1ebd \u0111\u01b0\u1ee3c tham [&hellip;]<\/p>\n","protected":false},"author":1,"featured_media":0,"parent":0,"menu_order":0,"comment_status":"closed","ping_status":"closed","template":"","meta":{"footnotes":""},"class_list":["post-19","page","type-page","status-publish","hentry"],"_links":{"self":[{"href":"https:\/\/i9bet122.bet\/index.php?rest_route=\/wp\/v2\/pages\/19","targetHints":{"allow":["GET"]}}],"collection":[{"href":"https:\/\/i9bet122.bet\/index.php?rest_route=\/wp\/v2\/pages"}],"about":[{"href":"https:\/\/i9bet122.bet\/index.php?rest_route=\/wp\/v2\/types\/page"}],"author":[{"embeddable":true,"href":"https:\/\/i9bet122.bet\/index.php?rest_route=\/wp\/v2\/users\/1"}],"replies":[{"embeddable":true,"href":"https:\/\/i9bet122.bet\/index.php?rest_route=%2Fwp%2Fv2%2Fcomments&post=19"}],"version-history":[{"count":1,"href":"https:\/\/i9bet122.bet\/index.php?rest_route=\/wp\/v2\/pages\/19\/revisions"}],"predecessor-version":[{"id":20,"href":"https:\/\/i9bet122.bet\/index.php?rest_route=\/wp\/v2\/pages\/19\/revisions\/20"}],"wp:attachment":[{"href":"https:\/\/i9bet122.bet\/index.php?rest_route=%2Fwp%2Fv2%2Fmedia&parent=19"}],"curies":[{"name":"wp","href":"https:\/\/api.w.org\/{rel}","templated":true}]}}